
List the prime factors of 11187782.
2, 5593891
List the prime factors of 9685778932.
2, 331, 7315543
List the prime factors of 1598089202.
2, 19, 2557, 16447
List the prime factors of 86646756.
2, 3, 7, 17, 47, 1291
List the prime factors of 394009471.
394009471
What are the prime factors of 14300927?
17, 841231
What are the prime factors of 717402873?
3, 11, 17, 727, 1759
What are the prime factors of 4681822?
2, 2340911
List the prime factors of 325815465.
3, 5, 21721031
What are the prime factors of 1618674424?
2, 31, 41, 159193
List the prime factors of 95327744.
2, 186187
List the prime factors of 77378745.
3, 5, 1741, 2963
List the prime factors of 119124002.
2, 59562001
List the prime factors of 23731576.
2, 11, 479, 563
List the prime factors of 666954798.
2, 3, 131, 313, 2711
List the prime factors of 5853207614.
2, 2719, 1076353
List the prime factors of 95534480.
2, 5, 127, 9403
What are the prime factors of 67037677?
7, 9576811
List the prime factors of 409820959.
4409, 92951
What are the prime factors of 113881260?
2, 3, 5, 29, 65449
List the prime factors of 3934954055.
5, 19, 79, 83, 6317
List the prime factors of 61537235.
5, 12307447
What are the prime factors of 2376334589?
941, 2525329
List the prime factors of 41538847.
7, 5934121
List the prime factors of 41935055.
5, 563, 14897
List the prime factors of 224877860.
2, 5, 37, 303889
List the prime factors of 1043336534.
2, 23, 1217, 18637
What are the prime factors of 2921342317?
433, 467, 14447
List the prime factors of 1208689692.
2, 3, 7, 14389163
List the prime factors of 274747765.
5, 23, 41, 58271
What are the prime factors of 68096009?
199, 342191
List the prime factors of 185623584.
2, 3, 1039, 1861
What are the prime factors of 681920635?
5, 11, 12398557
List the prime factors of 29730070.
2, 5, 79, 37633
List the prime factors of 17324634.
2, 3, 2887439
List the prime factors of 19810226.
2, 9905113
List the prime factors of 60543650.
2, 5, 1210873
List the prime factors of 106040548.
2, 263, 100799
What are the prime factors of 783018535?
5, 13, 739, 16301
List the prime factors of 1382539436.
2, 179, 653, 2957
List the prime factors of 10926641.
11, 331, 3001
List the prime factors of 6226570157.
29209, 213173
List the prime factors of 276051909.
3, 7, 73, 180073
What are the prime factors of 45196090?
2, 5, 1847, 2447
What are the prime factors of 49750782?
2, 3, 53, 101, 1549
What are the prime factors of 2115793690?
2, 5, 23, 59, 6779
List the prime factors of 147836390.
2, 5, 13, 1137203
What are the prime factors of 60551077?
163, 371479
List the prime factors of 25757707.
25757707
List the prime factors of 840096040.
2, 5, 7, 3000343
List the prime factors of 6261487075.
5, 13523, 18521
What are the prime factors of 1556202264?
2, 3, 23, 463, 6089
What are the prime factors of 927488165?
5, 433, 428401
List the prime factors of 742839939.
3, 17, 4855163
What are the prime factors of 18597824?
2, 7, 41513
List the prime factors of 5448541.
7, 778363
What are the prime factors of 1057252941?
3, 73, 401, 4013
List the prime factors of 73202041.
11, 19, 350249
What are the prime factors of 97307141?
631, 154211
List the prime factors of 23263457.
7, 139, 23909
What are the prime factors of 3534333486?
2, 3, 43, 2953, 4639
What are the prime factors of 57139774?
2, 23, 1242169
List the prime factors of 117121982.
2, 58560991
What are the prime factors of 1047551724?
2, 3, 43, 191, 1181
What are the prime factors of 124329554?
2, 29, 163, 13151
What are the prime factors of 107587219?
1907, 56417
What are the prime factors of 43186861?
43186861
What are the prime factors of 3228173463?
3, 1076057821
What are the prime factors of 61117767?
3, 599, 3779
What are the prime factors of 86787794?
2, 229, 189493
List the prime factors of 1080825219.
3, 139, 389, 2221
List the prime factors of 135984304.
2, 641, 13259
List the prime factors of 45538260.
2, 3, 5, 758971
List the prime factors of 162067118.
2, 61, 193, 6883
List the prime factors of 799170514.
2, 19, 31, 678413
List the prime factors of 246938710.
2, 5, 71, 347801
List the prime factors of 17882218.
2, 8941109
What are the prime factors of 562146580?
2, 5, 139, 433, 467
List the prime factors of 378218854.
2, 13, 23, 632473
What are the prime factors of 2343732722?
2, 1171866361
List the prime factors of 493081419.
3, 53, 3101141
List the prime factors of 623644342.
2, 3011, 103561
What are the prime factors of 22333563?
3, 7, 17, 331
What are the prime factors of 299209790?
2, 5, 11, 2720089
List the prime factors of 320192822.
2, 53, 3020687
What are the prime factors of 349439006?
2, 7, 31, 805159
List the prime factors of 13780025.
5, 7, 1607
What are the prime factors of 83975638?
2, 53, 792223
What are the prime factors of 120754566?
2, 3, 6708587
What are the prime factors of 171060443?
17, 103, 211, 463
List the prime factors of 333103343.
509, 654427
List the prime factors of 2560814712.
2, 3, 307, 115853
What are the prime factors of 63312337?
11, 47, 151, 811
List the prime factors of 135645847.
29, 4677443
What are the prime factors of 20534009?
23, 892783
List the prime factors of 2194039677.
3, 731346559
What are the prime factors of 6669171?
3, 19, 43, 907
List the prime factors of 1115315764.
2, 163, 1710607
List the prime factors of 49814103.
3, 16604701
What are the prime factors of 168894503?
168894503
What are the prime factors of 3482339896?
2, 7, 62184641
List the prime factors of 7551431505.
3, 5, 89, 1885501
What are the prime factors of 2113554347?
2113554347
What are the prime factors of 42008705?
5, 8401741
List the prime factors of 66891354.
2, 3, 79, 141121
What are the prime factors of 34754113?
34754113
What are the prime factors of 92718496?
2, 13, 107, 2083
What are the prime factors of 1834970882?
2, 29, 769, 41141
What are the prime factors of 1020547738?
2, 7, 73, 643, 1553
List the prime factors of 844666216.
2, 17, 151, 41131
List the prime factors of 761013811.
23, 2003, 16519
What are the prime factors of 34385078?
2, 7, 13, 14533
What are the prime factors of 34333036?
2, 8583259
What are the prime factors of 54240767?
7, 7748681
List the prime factors of 1875972579.
3, 13, 71, 281, 2411
List the prime factors of 113336838.
2, 3, 6296491
What are the prime factors of 1145074086?
2, 3, 13, 67, 73037
List the prime factors of 1494526031.
107, 13967533
What are the prime factors of 66128102?
2, 37, 317, 2819
List the prime factors of 461984392.
2, 19, 41, 74131
List the prime factors of 58159828.
2, 2609, 5573
What are the prime factors of 53544323?
7, 67, 114167
List the prime factors of 216449096.
2, 27056137
What are the prime factors of 43850482?
2, 13, 109, 15473
List the prime factors of 2048032417.
71, 229, 125963
What are the prime factors of 2873073332?
2, 718268333
What are the prime factors of 130699629?
3, 4840727
What are the prime factors of 163971857?
7, 43, 544757
List the prime factors of 551508362.
2, 275754181
What are the prime factors of 2347819011?
3, 197, 823, 1609
List the prime factors of 619719097.
5849, 105953
What are the prime factors of 154883890?
2, 5, 7, 2212627
List the prime factors of 52130648.
2, 6516331
List the prime factors of 878493719.
149, 5895931
List the prime factors of 57970896.
2, 3, 1207727
What are the prime factors of 883015491?
3, 9467, 31091
List the prime factors of 5151299091.
3, 1717099697
List the prime factors of 921449568.
2, 3, 13, 738341
List the prime factors of 5711156080.
2, 5, 7, 197, 51769
List the prime factors of 2142686.
2, 7, 13, 61, 193
What are the prime factors of 118820007?
3, 281, 15661
List the prime factors of 145211922.
2, 3, 8067329
List the prime factors of 64154364.
2, 3, 181, 29537
List the prime factors of 891212789.
101, 643, 13723
List the prime factors of 17573928.
2, 3, 43, 17029
What are the prime factors of 373653718?
2, 103, 1813853
List the prime factors of 1675187726.
2, 29, 89, 324523
List the prime factors of 18366287.
59, 311293
List the prime factors of 428803882.
2, 13, 251, 65707
What are the prime factors of 91856367?
3, 53, 192571
What are the prime factors of 89749404?
2, 3, 23, 36131
What are the prime factors of 219062611?
219062611
What are the prime factors of